 the remainder when 17491 is divided by 779.
353
What is the remainder when 2747354 is divided by 52832?
90
Calculate the remainder when 3316008 is divided by 417.
24
Calculate the remainder when 1108530 is divided by 61584.
18
Calculate the remainder when 887807 is divided by 303.
17
Calculate the remainder when 38687956 is divided by 2819.
0
Calculate the remainder when 16838671 is divided by 2841.
64
Calculate the remainder when 1286154 is divided by 257221.
49
Calculate the remainder when 33663498 is divided by 4437.
4416
What is the remainder when 868422 is divided by 1809?
102
Calculate the remainder when 147974 is divided by 4483.
35
What is the remainder when 127671625 is divided by 50?
25
Calculate the remainder when 5172600 is divided by 1517.
1147
What is the remainder when 7750952 is divided by 23276?
44
What is the remainder when 36317 is divided by 16618?
3081
Calculate the remainder when 301742 is divided by 150714.
314
Calculate the remainder when 37038715 is divided by 143.
142
Calculate the remainder when 513321 is divided by 128291.
157
What is the remainder when 30163 is divided by 497?
343
What is the remainder when 1545700 is divided by 864?
4
Calculate the remainder when 12772489 is divided by 6938.
6569
Calculate the remainder when 77814520 is divided by 24.
16
What is the remainder when 9991472 is divided by 1110162?
14
Calculate the remainder when 1406107 is divided by 43937.
123
What is the remainder when 40341868 is divided by 683759?
87
Calculate the remainder when 4766905 is divided by 1588913.
166
Calculate the remainder when 747056 is divided by 186715.
196
Calculate the remainder when 1814213 is divided by 204.
41
Calculate the remainder when 49073 is divided by 3792.
3569
What is the remainder when 2303 is divided by 709?
176
What is the remainder when 11900643 is divided by 643?
642
Calculate the remainder when 82153177 is divided by 18.
7
Calculate the remainder when 863111 is divided by 431238.
635
What is the remainder when 3656328 is divided by 640?
8
Calculate the remainder when 37392154 is divided by 172314.
16
What is the remainder when 22208739 is divided by 4203?
87
Calculate the remainder when 50639163 is divided by 879.
852
Calculate the remainder when 1905320 is divided by 2290.
40
What is the remainder when 58902189 is divided by 350?
339
What is the remainder when 1485993 is divided by 7354?
485
Calculate the remainder when 172586 is divided by 57499.
89
What is the remainder when 219807 is divided by 344?
335
What is the remainder when 204576 is divided by 68137?
165
Calculate the remainder when 1339397 is divided by 21956.
81
Calculate the remainder when 133324 is divided by 8323.
156
Calculate the remainder when 2534413 is divided by 844804.
1
What is the remainder when 6349221 is divided by 1058203?
3
Calculate the remainder when 1902761 is divided by 475644.
185
What is the remainder when 4793525 is divided by 275?
0
What is the remainder when 113523 is divided by 1670?
1633
Calculate the remainder when 231914 is divided by 37900.
4514
Calculate the remainder when 3398304 is divided by 464.
432
Calculate the remainder when 84085 is divided by 25725.
6910
What is the remainder when 115329 is divided by 57655?
19
Calculate the remainder when 5360942 is divided by 4.
2
What is the remainder when 93963 is divided by 1486?
345
Calculate the remainder when 7676951 is divided by 108124.
147
Calculate the remainder when 314763 is divided by 1610.
813
Calculate the remainder when 5390815 is divided by 1138.
109
Calculate the remainder when 105011270 is divided by 44.
34
Calculate the remainder when 88518 is divided by 843.
3
What is the remainder when 116813 is divided by 41?
4
What is the remainder when 2132782 is divided by 2550?
982
Calculate the remainder when 5122228 is divided by 10.
8
Calculate the remainder when 45674 is divided by 7588.
146
What is the remainder when 422898 is divided by 1931?
9
Calculate the remainder when 10691968 is divided by 190928.
0
Calculate the remainder when 1219393 is divided by 446.
29
What is the remainder when 27082149 is divided by 423?
420
Calculate the remainder when 1709075 is divided by 569684.
23
What is the remainder when 300573801 is divided by 204?
201
Calculate the remainder when 389187781 is divided by 691.
688
Calculate the remainder when 422837 is divided by 1663.
435
What is the remainder when 35373224 is divided by 62?
54
What is the remainder when 33047 is divided by 6551?
292
Calculate the remainder when 2608882 is divided by 355.
342
What is the remainder when 38837422 is divided by 12945807?
1
What is the remainder when 1116984 is divided by 129?
102
Calculate the remainder when 31692556 is divided by 1324.
1292
Calculate the remainder when 1743900 is divided by 581300.
0
Calculate the remainder when 3685250 is divided by 17803.
29
Calculate the remainder when 15819194 is divided by 3661.
13
Calculate the remainder when 6020050 is divided by 2841.
2812
Calculate the remainder when 181844846 is divided by 232.
230
Calculate the remainder when 4705434 is divided by 83.
81
What is the remainder when 27984459 is divided by 20?
19
What is the remainder when 83064916 is divided by 1701?
1684
Calculate the remainder when 49059897 is divided by 7220.
7217
Calculate the remainder when 118375539 is divided by 5380706.
7
What is the remainder when 35491000 is divided by 11?
6
What is the remainder when 76041 is divided by 5824?
329
What is the remainder when 25154347 is divided by 811430?
17
Calculate the remainder when 202472880 is divided by 33745479.
6
What is the remainder when 20706578 is divided by 190?
188
Calculate the remainder when 2557382 is divided by 152.
134
What is the remainder when 166342542 is divided by 1614976?
14
What is the remainder when 799773 is divided by 266590?
3
What is the remainder when 302386 is divided by 41837?
9527
Calculate the remainder when 547791 is divided by 6983.
3117
What is the remainder when 204607 is divided by 5501?
1070
Calculate the remainder when 10174117 is divided by 5086815.
487
Calculate the remainder when 8448760 is divided by 192017.
12
Calculate the remainder when 906997 is divided by 5967.
13
Calculate the remainder when 1029868 is divided by 514894.
80
Calculate the remainder when 366428 is divided by 69.
38
Calculate the remainder when 74314887 is divided by 10616411.
10
What is the remainder when 1646705 is divided by 1128?
953
Calculate the remainder when 86337 is divided by 3546.
1233
Calculate the remainder when 4885444 is divided by 215.
214
What is the remainder when 26891244 is divided by 106?
104
What is the remainder when 678583 is divided by 339281?
21
Calculate the remainder when 88871 is divided by 87771.
1100
What is the remainder when 574796 is divided by 11?
2
What is the remainder when 622217 is divided by 42?
29
Calculate the remainder when 56120 is divided by 13716.
1256
What is the remainder when 74332 is divided by 758?
48
Calculate the remainder when 597289 is divided by 119434.
119
Calculate the remainder when 152405965 is divided by 4382.
5
Calculate the remainder when 37131 is divided by 18481.
169
Calculate the remainder when 117604133 is divided by 3509.
3507
Calculate the remainder when 267242 is divided by 37943.
1641
What is the remainder when 3454585 is divided by 123377?
29
What is the remainder when 18586425 is divided by 276?
33
Calculate the remainder when 35036794 is divided by 14.
2
Calculate the remainder when 22562 is divided by 3831.
3407
Calculate the remainder when 1387286 is divided by 131.
127
Calculate the remainder when 17211 is divided by 2065.
691
What is the remainder when 2555392 is divided by 523?
14
Calculate the remainder when 1101641 is divided by 1642.
1501
Calculate the remainder when 439616 is divided by 48839.
65
What is the remainder when 202914 is divided by 98422?
6070
What is the remainder when 42891 is divided by 71?
7
What is the remainder when 532111 is divided by 106400?
111
Calculate the remainder when 181971 is divided by 60565.
276
Calculate the remainder when 289371 is divided by 3446.
3353
What is the remainder when 58555262 is divided by 2432?
2430
What is the remainder when 70623844 is divided by 257?
244
Calculate th